20908.
2, 11, 19, 19403
What are the prime factors of 619101?
3, 7, 31, 317
List the prime factors of 5180.
2, 5, 7, 37
What are the prime factors of 20695?
5, 4139
List the prime factors of 12899204.
2, 3224801
What are the prime factors of 123002?
2, 11, 5591
List the prime factors of 13695897.
3, 17, 268547
What are the prime factors of 5608470?
2, 3, 5, 7, 17, 1571
List the prime factors of 54212.
2, 13553
What are the prime factors of 5510637?
3, 11, 55663
List the prime factors of 1730550.
2, 3, 5, 83, 139
List the prime factors of 98060.
2, 5, 4903
What are the prime factors of 4974931?
13, 17, 22511
What are the prime factors of 9026926?
2, 4513463
What are the prime factors of 3566422?
2, 1783211
List the prime factors of 8326869.
3, 491, 5653
List the prime factors of 575945.
5, 127, 907
List the prime factors of 33228.
2, 3, 13, 71
List the prime factors of 4758249.
3, 17, 79, 1181
What are the prime factors of 530927?
17, 31231
List the prime factors of 1151111.
13, 88547
List the prime factors of 6239430.
2, 3, 5, 7703
What are the prime factors of 10247472?
2, 3, 7907
What are the prime factors of 6406479?
3, 237277
What are the prime factors of 504028?
2, 7, 47, 383
What are the prime factors of 64056?
2, 3, 17, 157
What are the prime factors of 6835971?
3, 41, 149, 373
What are the prime factors of 65739?
3, 17, 1289
List the prime factors of 321751.
321751
What are the prime factors of 4758760?
2, 5, 271, 439
List the prime factors of 9447079.
9447079
What are the prime factors of 846623?
251, 3373
What are the prime factors of 261823?
261823
List the prime factors of 753272.
2, 13, 7243
What are the prime factors of 8092583?
83, 97501
What are the prime factors of 1774277?
19, 93383
List the prime factors of 3468219.
3, 1156073
List the prime factors of 2308779.
3, 11, 23321
What are the prime factors of 244769?
7, 73, 479
List the prime factors of 1210044.
2, 3, 11, 89, 103
List the prime factors of 28273680.
2, 3, 5, 107, 367
List the prime factors of 3713983.
7, 13, 40813
What are the prime factors of 5183376?
2, 3, 11, 9817
What are the prime factors of 455685?
3, 5, 17, 1787
What are the prime factors of 23971006?
2, 853, 14051
List the prime factors of 142437.
3, 79, 601
List the prime factors of 27117486.
2, 3, 11, 151, 907
What are the prime factors of 89538?
2, 3, 14923
List the prime factors of 616859.
29, 89, 239
List the prime factors of 1013123.
43, 23561
List the prime factors of 168694.
2, 84347
List the prime factors of 2090347.
7, 298621
What are the prime factors of 10362526?
2, 151, 34313
List the prime factors of 3328346.
2, 7, 31, 7669
List the prime factors of 6340536.
2, 3, 83, 1061
List the prime factors of 1447530.
2, 3, 5, 7, 61, 113
What are the prime factors of 17233990?
2, 5, 97, 109, 163
List the prime factors of 49379.
11, 67
What are the prime factors of 1349587?
137, 9851
List the prime factors of 757281.
3, 7, 36061
What are the prime factors of 6717493?
6717493
What are the prime factors of 941794?
2, 7, 67271
What are the prime factors of 834057?
3, 7, 1471
What are the prime factors of 6841022?
2, 97, 179, 197
What are the prime factors of 221738?
2, 11, 10079
List the prime factors of 10961.
97, 113
What are the prime factors of 262525?
5, 10501
What are the prime factors of 271734?
2, 3, 45289
List the prime factors of 1360859.
113, 12043
What are the prime factors of 171593?
29, 61, 97
What are the prime factors of 633191?
13, 53, 919
What are the prime factors of 36837488?
2, 2302343
List the prime factors of 194937.
3, 181, 359
List the prime factors of 753155.
5, 13, 11587
List the prime factors of 638100.
2, 3, 5, 709
List the prime factors of 1223789.
7, 79, 2213
What are the prime factors of 4095727?
4095727
What are the prime factors of 2545586?
2, 109, 11677
List the prime factors of 372582.
2, 3, 7, 2957
List the prime factors of 38386.
2, 17, 1129
What are the prime factors of 341452?
2, 85363
List the prime factors of 3408026.
2, 487, 3499
What are the prime factors of 740591?
740591
What are the prime factors of 979510?
2, 5, 7, 1999
What are the prime factors of 146778?
2, 3, 17, 1439
List the prime factors of 21023860.
2, 5, 11, 13, 7351
What are the prime factors of 8696633?
11, 41, 1753
List the prime factors of 163179.
3, 18131
List the prime factors of 7479120.
2, 3, 5, 11, 2833
List the prime factors of 141898.
2, 70949
List the prime factors of 177104.
2, 11069
What are the prime factors of 22390161?
3, 7463387
What are the prime factors of 339936?
2, 3, 3541
What are the prime factors of 287320?
2, 5, 11, 653
What are the prime factors of 344617?
7, 13, 541
What are the prime factors of 190510?
2, 5, 19051
What are the prime factors of 21154316?
2, 5288579
What are the prime factors of 6004022?
2, 1129, 2659
List the prime factors of 8696220.
2, 3, 5, 13, 11149
List the prime factors of 218430.
2, 3, 5, 809
What are the prime factors of 316547?
7, 11, 4111
List the prime factors of 28095.
3, 5, 1873
What are the prime factors of 2062091?
2062091
What are the prime factors of 2384644?
2, 31, 19231
What are the prime factors of 1929507?
3, 19, 33851
What are the prime factors of 607343?
11, 55213
What are the prime factors of 443228?
2, 110807
List the prime factors of 457751.
7, 65393
List the prime factors of 339926.
2, 349, 487
What are the prime factors of 2883383?
19, 29, 5233
What are the prime factors of 6847243?
13, 17, 30983
List the prime factors of 56117.
17, 3301
What are the prime factors of 9455766?
2, 3, 1575961
What are the prime factors of 1372243?
1372243
List the prime factors of 135143.
149, 907
List the prime factors of 579307.
79, 7333
What are the prime factors of 635786?
2, 139, 2287
What are the prime factors of 67588?
2, 61, 277
What are the prime factors of 386274?
2, 3, 7, 17, 541
List the prime factors of 283354.
2, 141677
What are the prime factors of 1190207?
59, 20173
What are the prime factors of 2128038?
2, 3, 11, 19, 1697
What are the prime factors of 8639081?
11, 439, 1789
List the prime factors of 13355124.
2, 3, 1009, 1103
List the prime factors of 1403295.
3, 5, 93553
What are the prime factors of 904836?
2, 3, 75403
List the prime factors of 134746.
2, 89, 757
What are the prime factors of 630559?
630559
List the prime factors of 318980.
2, 5, 41, 389
What are the prime factors of 6434759?
6434759
What are the prime factors of 943134?
2, 3, 157189
What are the prime factors of 131342?
2, 17, 3863
What are the prime factors of 637567?
7, 91081
List the prime factors of 15446207.
7, 2206601
What are the prime factors of 967650?
2, 3, 5, 6451
What are the prime factors of 16752902?
2, 1801, 4651
List the prime factors of 299721.
3, 99907
What are the prime factors of 6610495?
5, 547, 2417
List the prime factors of 107630.
2, 5, 47, 229
List the prime factors of 1317991.
131, 10061
What are the prime factors of 4468048?
2, 13, 21481
What are the prime factors of 27454621?
439, 62539
List the prime factors of 156965.
5, 31393
List the prime factors of 14189899.
14189899
What are the prime factors of 235040?
2, 5, 13, 113
List the prime factors of 84096.
2, 3, 73
What are the prime factors of 2812780?
2, 5, 140639
List the prime factors of 3766590.
2, 3, 5, 41851
What are the prime factors of 19404963?
3, 397, 5431
List the prime factors of 952792.
2, 119099
What are the prime factors of 108091?
19, 5689
What are the prime factors of 4247522?
2, 2123761
List the prime factors of 557779.
557779
What are the prime factors of 8126011?
43, 59, 3203
List the prime factors of 1816809.
3, 605603
List the prime factors of 18538.
2, 13, 23, 31
List the prime factors of 1090653.
3, 363551
What are the prime factors of 2394005?
5, 478801
What are the prime factors of 901339?
901339
List the prime factors of 22224.
2, 3, 463
What are the prime factors of 22457063?
73, 307631
List the prime factors of 665827.
23, 28949
What are the prime factors of 7007680?
2, 5, 61, 359
What are the prime factors of 6616?
2, 827
List the prime factors of 231250.
2, 5, 37
What are the prime factors of 19397?
7, 17, 163
What are the prime factors of 654255?
3, 5, 7, 31, 67
List the prime factors of 6121230.
2, 3, 5, 19, 10739
List the prime factors of 10573984